 = 3*v + d + 2, v - 232 = -4*y. What are the prime factors of y?
59
Let v(l) = -2*l**2 - 8*l - 1. Let i be v(-3). Suppose -3*d = 4*p - 2888, -2137 = 2*p - i*p + 5*d. List the prime factors of p.
719
Let f be (-2)/4*(2 - (5 + -3)). Suppose 3*u + 1199 + 3169 = 4*d, 2*d - 4*u - 2194 = f. List the prime factors of d.
3, 11
Let l be (5/1)/((-10)/(-30)). Suppose 6 = 2*b, 2*o = -2*b - 3 + l. Suppose -o*r = 5 - 56. What are the prime factors of r?
17
Suppose -556444 - 1631216 = -46*o + 839738. What are the prime factors of o?
11, 31, 193
List the prime factors of (-2 - -3)/(2 - (-140139)/(-70071)).
23357
Let z be (-16)/6*(-27)/2. Let c = -309 - -282. Let y = z + c. What are the prime factors of y?
3
Suppose 5*p - 90 = 2*n, p + 23 = 5*n + 202. Let u = -50 - n. What are the prime factors of 119 - 5/u*3?
2, 3, 5
Let v(f) = -10*f**3 + 295*f**2 - 68*f + 11. What are the prime factors of v(28)?
3, 11, 13, 23
Let x(q) = -q**3 + 9*q**2 + 7*q + 3. Let y be x(-4). Let s = 455 - y. List the prime factors of s.
2, 17
Let k = 46 + 252. Let s = k - 199. What are the prime factors of (0 - s)/(4/((-24)/6))?
3, 11
Let d(g) = -3*g + 48. Let j be d(14). Suppose -7*y - 6 = -j*y. List the prime factors of (-1767)/y - 55/22.
2, 73
Suppose -814384 = 109*u - 2881351. What are the prime factors of u?
3, 7, 43
Suppose 58*x + x + 17*x = 742824. List the prime factors of x.
2, 3, 181
Let n be -4 + (-28)/(-1)*1. Suppose 1766 = n*s - 2458. What are the prime factors of s?
2, 11
Let r(z) = -z**3 + 17*z**2 - 6*z + 16. Let t be 72/(-28)*(1 - 17/3). What are the prime factors of r(t)?
2, 83
Let q be (-1 - (1 - 0 - 10))*1. Suppose -p - 2*w = -6, q*p = 4*p - 3*w + 9. Suppose -j - 2*k + k + 159 = p, 2*k + 8 = 0. What are the prime factors of j?
163
Suppose 2*q + 2*q = 4*o - 52, -3*q - 27 = o. What are the prime factors of (-171 + q)/((-3)/6)?
2, 181
Suppose -2*l - 5*f + 107 + 108 = 0, 0 = -5*l + 4*f + 455. Let b = l - 3. List the prime factors of b.
2, 23
Let j(x) = -10*x - 75 + 45 - 53. What are the prime factors of j(-30)?
7, 31
Let v = 47 + -44. Suppose -2*b + 65 = 5*j, v*b = 5*j + b - 45. Suppose -j*i - 409 = -1520. List the prime factors of i.
101
Let x = 48 - 72. List the prime factors of (8/x)/((-4)/204).
17
Let a(i) = -i**3 + 6*i**2 + 6*i + 9. Let j be a(7). Suppose j*z = 3*k + 607, -17*k + 2 = -19*k. List the prime factors of z.
2, 151
Suppose -2*c = -12*s + 9*s + 143587, 4*s - c = 191441. What are the prime factors of s?
3, 7, 43, 53
Let c(v) = -v + 1. Let l be c(12). Let f(q) = 12*q**2 - 3*q - 5. Let x be f(l). Suppose -p = -11*p + x. What are the prime factors of p?
2, 37
Suppose 3*f + 5493 = g - f, 7*g - 38451 = 2*f. What are the prime factors of g?
3, 1831
Let i(w) = w**3 + 19*w**2 + 15*w - 58. Let z be i(-18). Suppose -4*o - 31 = 3*j, 4*o - 5*j - 4 = 5. List the prime factors of ((-16)/6)/z*(-1074)/o.
179
Let u(w) = 1215*w - 744. What are the prime factors of u(9)?
3, 43, 79
Let c = -130 + 107. Suppose 2*i = 4*t + 192, i - 2*i + 4*t + 90 = 0. Let k = i + c. What are the prime factors of k?
79
Let r(d) be the first derivative of -106*d**2 - 8*d - 15. What are the prime factors of r(-5)?
2, 263
Suppose -2*c - 3030 = -4*t, -745 = 8*t - 9*t - 2*c. Suppose t = 9*b - 154. What are the prime factors of b?
101
Suppose -2182*c = -2190*c + 183656. What are the prime factors of c?
11, 2087
List the prime factors of (1/(-6) - 11/(66/(-52)))*8006.
17, 4003
Let u(k) be the second derivative of -k**5/60 + 4*k**4 - 5*k**3/3 + 42*k. Let i(n) be the second derivative of u(n). What are the prime factors of i(28)?
2, 5
Let t be (-9)/2*(-3480)/90. Suppose -164*a - 2770 = -t*a. What are the prime factors of a?
277
List the prime factors of 36/30 - 7501371/(-95).
3, 26321
Let h(k) = -31*k**3 + 5*k**2 + k + 1. Let x = -360 + 358. What are the prime factors of h(x)?
3, 89
Let p(c) = c**3 + 24*c**2 + 16*c - 36. Let o be p(-23). Let a = o - 123. Suppose 350 + 25 = a*s + 5*t, t = -2*s + 387. List the prime factors of s.
3, 5, 13
Let i be (-4)/(-16) - (-1003)/4. Let f be (-84 + 1)/((-4)/(-8)). Let v = f + i. What are the prime factors of v?
5, 17
Suppose -5*w = -3*o + 38, 0*o + 4*o - 3*w - 47 = 0. Suppose -21*c + o*c = -11490. What are the prime factors of c?
3, 383
Let g(n) = -n**2 + 2*n. Let i be g(2). Suppose -4*t - 2*t + 396 = i. Let h = t - -73. What are the prime factors of h?
139
Suppose -o = 3 + 18. Let q = 67 + o. Suppose -48*l + 14 = -q*l. What are the prime factors of l?
7
Let t(z) = -z**3 + 11*z**2 + z - 12. Let v be t(11). Let u be (-2)/3*(v + -5). Let h(s) = s**2 + 3*s - 6. List the prime factors of h(u).
2, 11
Suppose 26*b = 49*b + 322. Let y(p) = 2*p**3 + 30*p**2 - 5*p - 21. What are the prime factors of y(b)?
3, 7
Let g(n) = -26*n + 210. Let s be g(8). Let x(p) = 0 - p**2 + 3 + 9*p**3 - 4 + 5*p. What are the prime factors of x(s)?
7, 11
Suppose -4*u = 2*j + 1624, 4*j - 3*u = -5*u - 3254. Let q = j - -1551. List the prime factors of q.
11, 67
Suppose -f = 2*p + f + 16, 2*p = 3*f - 21. Let z(l) = -l**2 - 8*l + 13. Let d be z(p). List the prime factors of (d - -29)/((-6)/(-8)).
2, 11
Let w = 17301 - 8748. List the prime factors of (-21)/56 - (-3 - w/24).
359
Let j = 13156 + 9860. List the prime factors of j.
2, 3, 7, 137
Suppose 8246 = 8*f - 7*f - t, 2*f + 2*t = 16516. What are the prime factors of f?
2, 2063
Suppose -66244 + 44840 = -14*t + 74370. What are the prime factors of t?
6841
Let q(d) = -2*d**3 - 2*d**2 - 34*d + 42. Let r be q(-13). Suppose -x - 4*x + 5*m = -r, -4*m = 2*x - 1822. List the prime factors of x.
3, 101
Suppose -11*c - p = -14*c + 27135, -9061 = -c - 5*p. List the prime factors of c.
2, 4523
Suppose 3*z + p = 43533, 0 = -3*z + 4*p - 8526 + 52074. List the prime factors of z.
2, 907
Let i(t) be the second derivative of t**4/6 + 5*t**3/6 + 9*t**2 + 5*t. Let v be i(10). Suppose 62*u + v = 64*u. What are the prime factors of u?
2, 67
Let g be 56/7 + -2 + 4. Let f be 22/g - (24/(-30) - -1). Suppose 0 = -f*z + 218 - 10. List the prime factors of z.
2, 13
Suppose -2*k + 5*t + 386 = 0, k - 194 = 13*t - 11*t. List the prime factors of 44/k - 2*(-1490)/36.
83
Let r(t) = 52*t**3 - 5*t**2 - 3*t + 163. What are the prime factors of r(9)?
7, 19, 283
What are the prime factors of 6/9 - (4/6 - (8856 - -44))?
2, 5, 89
Let b = 29 + -25. Suppose 3*p - b*w - 1709 = 0, 5*w = 2*p + 2*w - 1141. List the prime factors of p.
563
Let o(u) = -u - 13. Let j be o(-25). Suppose -70 = -a + j. Suppose 3*s - 5*s = -a. What are the prime factors of s?
41
Let c = 180 + -152. Suppose -3412 = -c*s + 19548. List the prime factors of s.
2, 5, 41
Suppose -2*h - 2*m = 1 + 3, m = 0. Let q(o) = -21 + 648*o - 669*o + 12. List the prime factors of q(h).
3, 11
Let o(h) = -3*h**2 - 10*h + 114. Let b be o(-8). Suppose 292 = -0*f + 4*f - 4*v, 0 = 3*f - v - 223. Suppose -k = -b*k + f. What are the prime factors of k?
3, 5
List the prime factors of (-444)/111 + (1 - 6014/(-2)).
2, 751
Suppose -11*w = 12*w - 305*w + 4504104. List the prime factors of w.
2, 3, 11
Let c = 491 - 683. Let r = c + 1000. List the prime factors of r.
2, 101
Suppose 4*d + 5*q = 44828, 2*d + 34*q - 22442 = 28*q. List the prime factors of d.
11197
Let y = 15793 + -6317. What are the prime factors of y?
2, 23, 103
Let j be 1/(-2) - 120/(-48). Suppose -479 + 1199 = j*g. What are the prime factors of g?
2, 3, 5
Suppose 180 = -d + 68. Let r = -70 - d. List the prime factors of (r/(-28))/((-3)/26).
13
Suppose -5 - 10 = -3*q. Suppose v + 2*b + 2*b = -30, q*b + 131 = -4*v. List the prime factors of v*(-3)/6 + 1.
2, 3
Let g(u) = 3*u**2 - 20*u - 4. Let f be g(7). Suppose -5*d - 6*o = -5*o - 2105, -f*d = -o - 1271. What are the prime factors of d?
2, 211
Let k(w) = 2*w**2 - 37*w - 28. Let f be k(26). Suppose -5*s + 378 = -f. What are the prime factors of s?
2, 37
Let n = 18347 + -11648. List the prime factors of n.
3, 7, 11, 29
Let t = -89 - -159. Let c = -51 + t. Suppose -4*a + 343 - c = 0. What are the prime factors of a?
3
Let o = 37 + -21. Suppose -g - 4*q + o = 3*g, 0 = 5*g - 5*q - 40. Suppose -g*m + 1194 = 270. What are the prime factors of m?
2, 7, 11
Let l be ((-12)/48)/(2/(-24)). Suppose -3*d + l*s - 1608 = 4*s, -2*d - 3*s = 1079. List the prime factors of d/(-2) + (-21)/(-14).
269
Suppose 62*t + 366167 - 776740 = 743123. List the prime fa